4*v - 39. Let u be (-2)/(-3) + (-2682)/(-27). Calculate the highest common factor of v and u.
25
Let s = -416 - -620. Calculate the greatest common factor of s and 144.
12
Let q be 2*1*(344 - 337). What is the highest common divisor of 14462 and q?
14
Let t(o) = -o**3 + 6*o**2 + 16*o + 12. Let a be t(8). Let j = -12 - -11. Let g be (-3)/(2/(4/j)). What is the highest common factor of g and a?
6
Let l = -23016 - -29366. Calculate the highest common divisor of l and 20.
10
Suppose -27*q = 4*q. Suppose 31*i - 30*i + 2*b + 2 = 0, 2*i + 3*b - 1 = q. Suppose 0 = 6*c - 4*c - 176. What is the highest common factor of i and c?
8
Let c be (164*(-171)/76)/((-6)/56). Calculate the greatest common divisor of 168 and c.
84
Let o(l) = -l**2 + 2*l - 7. Let g be o(9). Suppose 0 = 16*i + 14*i + 5700. Let d = g - i. What is the highest common divisor of d and 15?
15
Suppose 2*q = -2*t + 4548, 5*t + 16*q - 21*q - 11310 = 0. Calculate the highest common factor of 132 and t.
12
Let t be (95 + (-312)/12)/(1/6). Calculate the greatest common divisor of t and 42.
6
Let t(w) = -2*w + 28. Let o be t(16). Let s be (-1)/((-7)/o - 2)*19. Calculate the greatest common factor of s and 190.
38
Let i(q) = 15*q**2 + 85*q + 12. Let c be i(-6). Suppose 5116 + 2738 = c*w. Calculate the greatest common factor of w and 55.
11
Let z = 309 + -301. Suppose -190 = -z*n + 2. What is the greatest common factor of 54 and n?
6
Suppose -98085 + 11145 = -90*s. What is the greatest common factor of s and 168?
42
Suppose 5*z + n - 115 = 0, 0 = 4*z - n - 0*n - 101. Suppose -7 = 3*d - 4. Let v(l) = -l + 2. Let s be v(d). Calculate the greatest common factor of s and z.
3
Let c(l) = 52*l + 367. Let q be c(-6). Let p(d) = -2*d + 14. Let i be p(9). Let v = 15 + i. Calculate the highest common divisor of v and q.
11
Let v = 0 - -1. Let s be 706/54 + (-5 - (-1862)/378). Suppose -s + v = -q. Calculate the highest common divisor of q and 3.
3
Let b be (-6)/15*-2*50. Let m = b + -23. Suppose -46*c + 43*c = -4*a - 263, 4*c + 4*a = 332. What is the highest common divisor of c and m?
17
Let n be (13/5)/((-5)/(-25)). Suppose -4*q = -194 - 14. What is the greatest common factor of q and n?
13
Let q(t) = -8*t. Let k(v) = -v. Let x(b) = -k(b) - q(b). Let w be x(1). Suppose -w = 2*c - 35. Calculate the greatest common divisor of 104 and c.
13
Let t(z) = -25 + 29*z + 16*z - 12*z. Let l be t(5). Let y = -122 + l. Calculate the highest common divisor of 18 and y.
18
Suppose 0 = -14*i + 9*i - 4*h + 12254, 3*i - 2*h - 7370 = 0. Suppose -534 + i = 10*w. What is the highest common factor of w and 60?
12
Let l be -26 + 4251/156 + (-446)/(-8). What is the greatest common factor of l and 912?
57
Suppose 1108 = 3*h + 334. Let g(i) = i**3 + 8*i**2 - 5*i - 11. Let x be g(-9). Let l = x + 90. Calculate the greatest common factor of l and h.
43
Let u = -186 - -200. Suppose -25*f = -u*f - 286. Let h be ((-2 - -1) + 2)*65. What is the highest common factor of h and f?
13
Suppose 8*d + 60 = 38*d. Suppose -32 - 150 = -13*l. Calculate the greatest common divisor of d and l.
2
Let d(g) = -7*g + 20. Let s be d(6). Let r = s + 22. Suppose r*q - 162 = -2*q. What is the highest common divisor of q and 9?
9
Let y be 874/23 - (0 - -1). Suppose -5*o + 142 = y. Calculate the highest common divisor of o and 231.
21
Suppose 267*f + 202 = 269*f + 6*d, -2*f = 5*d - 194. What is the greatest common divisor of 8239 and f?
77
Let b(c) = 106*c - 2778. Let a be b(27). What is the greatest common divisor of a and 5348?
28
Let q(h) = -7*h**3 + 3*h**2 - 16*h + 4. Let s be q(3). Let n = s - -535. Calculate the highest common divisor of 94 and n.
47
Suppose d = -a - a + 2316, 3*d - 6876 = 3*a. What is the highest common divisor of 1035 and d?
115
Let b = -494 - -989. Let g = b - 487. Suppose -152 = 3*w - 4*w. Calculate the highest common divisor of g and w.
8
Let z(h) = h**2 - 10*h + 9. Let r be z(9). Suppose r = 4*o - o - 5*u - 466, 578 = 4*o + 2*u. Calculate the greatest common divisor of o and 42.
21
Suppose 0 = -4*o + 20, 0 = 13*c - 8*c + 4*o - 4885. What is the greatest common divisor of 7 and c?
7
Suppose 263 = -4*a + 2*n + 1323, 0 = -2*a - 3*n + 538. What is the greatest common divisor of 6 and a?
2
Suppose -32 = 5*y - 282. Let s be ((4/(-6))/((-4)/54))/1. Let t be 4/(-26) + 44/39*s. What is the greatest common divisor of y and t?
10
Let x = 9 - -29. Let k(o) = 64*o + 34. Suppose 35 = 5*y + 5*c, 13 = 2*y + 7*c - 6*c. Let r be k(y). What is the highest common factor of r and x?
38
Let z be -5 + 10 + 29 + -7 + -7. Calculate the greatest common factor of 50 and z.
10
Let k(m) be the first derivative of 5*m**2/2 - 49*m + 49. Let t be k(21). Calculate the highest common factor of 28 and t.
28
Let h = 34 + -51. Let w = 21 + h. Suppose w*t = 2*n + 633 + 81, -4*n + 860 = 5*t. What is the greatest common factor of t and 16?
16
Suppose -4*d = 5*p - 1659, -24*p + 23*p + 7 = 0. What is the highest common factor of 56 and d?
14
Let k(l) = 9*l - 10. Let i be k(7). Let c = i - 37. Suppose -31*r + 3024 = -10*r. What is the highest common factor of c and r?
16
Suppose -3*g = 26 - 476. Let a = 177 - 167. What is the greatest common factor of a and g?
10
Let c(k) = 7*k**2 - 3*k + 15. Let d(w) = -20*w**2 + 10*w - 47. Let p(q) = -17*c(q) - 6*d(q). Let l be p(-6). What is the greatest common divisor of l and 65?
13
Let c = 192 + -205. Let u(f) = -f**3 - 11*f**2 - 11*f + 12. Let t be u(c). What is the greatest common factor of 17 and t?
17
Suppose 34*j - 4*u - 675 = 29*j, -3*u - 408 = -3*j. What is the greatest common divisor of j and 7991?
131
Let k(l) = -104*l - 24 - 15 - 33. Let q be k(-7). What is the greatest common factor of 41 and q?
41
Let p be 30/(-35)*-3*(-56)/36 + 268. What is the greatest common factor of 1452 and p?
132
Let h(k) = 650*k - 12277. Let d be h(23). Calculate the greatest common factor of 3888 and d.
243
Let n(k) = k**3 - 14*k**2 - 32*k + 24. Let h be n(18). Let b = h + -738. Let z be 0 + (54 - (0 - 0)). What is the greatest common divisor of z and b?
6
Suppose -m - 3*g = 2*g - 269, -1426 = -5*m + 2*g. What is the highest common divisor of m and 497?
71
Let s = -232 - -228. Let h(y) = 8*y**2 - 5*y - 30. Let r be h(s). Calculate the greatest common divisor of 177 and r.
59
Suppose 12*y - 32187 = 11661. What is the greatest common factor of y and 116?
58
Let j(v) = -14*v**2 + 90 + 0 + 2*v**2 + v + 4*v**2. Let h be j(0). What is the greatest common divisor of h and 10?
10
Let w = -5465 - -10052. What is the highest common divisor of 33 and w?
33
Suppose 1872 + 2232 = 152*z. Suppose q = 66 + 24. Calculate the greatest common factor of q and z.
9
Let k be (-1537375)/(-1470)*(7 - (1 + 0)). What is the highest common divisor of k and 25?
25
Let t = 208 + -172. Suppose 0 = -15*b + t + 99. What is the greatest common factor of b and 279?
9
Let r = -33 - -65. Let p(y) = 44*y + 96. Let u be p(-2). Calculate the highest common divisor of r and u.
8
Suppose -488 - 750 = -32*v - 150. What is the greatest common divisor of 162 and v?
2
Suppose 38*n - 44 = 16*n. Let l be (n - 4) + 13 + 39. Calculate the greatest common factor of l and 20.
10
Suppose 5*h + 24 = -3*o - 70, -3*o = -3*h + 54. Let r be ((-16)/12)/(1 + o/21). What is the greatest common divisor of 126 and r?
14
Suppose -3929 + 4414 = -134*m + 12679. Let q = 11 + -17. Let s(p) = -p + 1. Let w be s(q). Calculate the greatest common factor of w and m.
7
Let j = -22928 + 22936. Calculate the greatest common divisor of 15896 and j.
8
Let v be (668/3340)/((-2)/(-80)). Suppose 0 = 2*w - 48 + 4. Calculate the highest common factor of v and w.
2
Let t be 114/(-2)*(-344)/129. Suppose 273 + 69 = 3*l. Calculate the greatest common factor of l and t.
38
Let x(t) = -9*t + 176. Let r be x(18). Suppose -r*l = 3*l - 272. Calculate the greatest common divisor of l and 8.
8
Let i = 345 - 340. Suppose -9*t + 58 = -i. Let p(j) = -17*j - 2. Let z be p(-3). What is the highest common factor of z and t?
7
Let t(j) = 2*j**2 + j - 7. Let g be t(2). Suppose -g*v + 499 = s, 0*s = -2*s + 8. Calculate the greatest common divisor of v and 264.
33
Suppose 0 = -2*f - 109 - 35. Let h be 11/((-66)/54) + -73. Let d = f - h. Calculate the highest common factor of d and 90.
10
Let j = -2729 + 2865. Calculate the highest common facto